{"id":4050,"date":"2023-03-21T12:00:14","date_gmt":"2023-03-21T12:00:14","guid":{"rendered":"https:\/\/dwinstore.com\/?product=idcooling-se-226-xt-argb-snow-edition-black-cpu-cooler"},"modified":"2026-03-18T01:39:25","modified_gmt":"2026-03-18T01:39:25","slug":"idcooling-se-226-xt-argb-snow-edition-black-cpu-cooler","status":"publish","type":"product","link":"https:\/\/dwinstore.com\/?product=idcooling-se-226-xt-argb-snow-edition-black-cpu-cooler","title":{"rendered":"IDCooling SE-226 XT ARGB SNOW EDITION BLACK  CPU Cooler"},"content":{"rendered":"<table class=\"ke-zeroborder\" border=\"0\" cellspacing=\"0\" cellpadding=\"0\">\n<tbody>\n<tr>\n<td width=\"273\">\n<p align=\"left\">Compatibility<\/p>\n<\/td>\n<td width=\"442\">\n<p align=\"left\">\u00a0\u00a0 Intel LGA1700\/1200\/2066\/2011\/1151\/1150\/1155\/1156<\/p>\n<p align=\"left\">\u00a0 \u00a0AMD\u00a0AM5\/AM4<\/p>\n<\/td>\n<\/tr>\n<tr>\n<td width=\"273\">\n<p align=\"left\">\u00a0\u00a0 TDP<\/p>\n<\/td>\n<td width=\"442\">\n<p align=\"left\">\u00a0\u00a0 250W<\/p>\n<\/td>\n<\/tr>\n<tr>\n<td width=\"273\">\n<p align=\"left\">\u00a0\u00a0 Overall Dimension<\/p>\n<\/td>\n<td width=\"442\">\n<p align=\"left\">\u00a0\u00a0 129\u00d7106\u00d7154mm (L\u00d7W\u00d7H)<\/p>\n<\/td>\n<\/tr>\n<tr>\n<td width=\"273\">\n<p align=\"left\">\u00a0\u00a0 Heatsink Material<\/p>\n<\/td>\n<td width=\"442\">\n<p align=\"left\">\u00a0 \u00a06\u00d7\u04246mm Heatpipe+Copper Base+Aluminum Fin<\/p>\n<\/td>\n<\/tr>\n<tr>\n<td width=\"273\">\n<p align=\"left\">\u00a0\u00a0 Weight<\/p>\n<\/td>\n<td width=\"442\">\n<p align=\"left\">\u00a0 \u00a0910g (heatsink+fan)<\/p>\n<\/td>\n<\/tr>\n<tr>\n<td width=\"273\">\n<p align=\"left\">\u00a0\u00a0 Fan Dimension<\/p>\n<\/td>\n<td width=\"442\">\n<p align=\"left\">\u00a0\u00a0 120\u00d7120\u00d725mm<\/p>\n<\/td>\n<\/tr>\n<tr>\n<td width=\"273\">\n<p align=\"left\">\u00a0\u00a0 Fan Speed<\/p>\n<\/td>\n<td width=\"442\">\n<p align=\"left\">\u00a0 \u00a0900\u00b1200~2000\u00b110%RPM(PWM)(RGB)<\/p>\n<\/td>\n<\/tr>\n<tr>\n<td width=\"273\">\n<p align=\"left\">\u00a0\u00a0 Max. Air Flow<\/p>\n<\/td>\n<td width=\"442\">\n<p align=\"left\">\u00a0 \u00a056.5CFM<\/p>\n<\/td>\n<\/tr>\n<tr>\n<td width=\"273\">\n<p align=\"left\">\u00a0\u00a0 Max. Static Pressure<\/p>\n<\/td>\n<td width=\"442\">\n<p align=\"left\">\u00a0 \u00a01.99mmH2O<\/p>\n<\/td>\n<\/tr>\n<tr>\n<td width=\"273\">\n<p align=\"left\">\u00a0\u00a0 Noise<\/p>\n<\/td>\n<td width=\"442\">\n<p align=\"left\">\u00a0\u00a0 16.2-31.5dB(A)<\/p>\n<\/td>\n<\/tr>\n<tr>\n<td width=\"273\">\n<p align=\"left\">\u00a0\u00a0 Rated Voltage<\/p>\n<\/td>\n<td width=\"442\">\n<p align=\"left\">\u00a0\u00a0 12VDC (4pin PWM) \/ 5V (3pin ARGB)<\/p>\n<\/td>\n<\/tr>\n<tr>\n<td width=\"273\">\n<p align=\"left\">\u00a0\u00a0 Operating Voltage<\/p>\n<\/td>\n<td width=\"442\">\n<p align=\"left\">\u00a0\u00a0 10.8\uff5e13.2VDC<\/p>\n<\/td>\n<\/tr>\n<tr>\n<td width=\"273\">\n<p align=\"left\">\u00a0\u00a0 Started Voltage<\/p>\n<\/td>\n<td width=\"442\">\n<p align=\"left\">\u00a0\u00a0 7VDC<\/p>\n<\/td>\n<\/tr>\n<tr>\n<td width=\"273\">\n<p align=\"left\">\u00a0\u00a0 Rated Current<\/p>\n<\/td>\n<td width=\"442\">\n<p align=\"left\">\u00a0\u00a0 0.25A<\/p>\n<\/td>\n<\/tr>\n<tr>\n<td width=\"273\">\n<p align=\"left\">\u00a0\u00a0 Power Input<\/p>\n<\/td>\n<td width=\"442\">\n<p align=\"left\">\u00a0 \u00a03W<\/p>\n<\/td>\n<\/tr>\n<tr>\n<td width=\"273\">\n<p align=\"left\">\u00a0\u00a0 Bearing Type<\/p>\n<\/td>\n<td width=\"442\">\n<p align=\"left\">\u00a0\u00a0 2Ball Bearing<\/p>\n<\/td>\n<\/tr>\n<tr>\n<td width=\"273\">\n<p align=\"left\">\u00a0Connector<\/p>\n<\/td>\n<td width=\"442\">\n<p align=\"left\">\u00a0 \u00a04Pin PWM \/ 5V 3Pin ARGB<\/p>\n<\/td>\n<\/tr>\n<\/tbody>\n<\/table>\n","protected":false},"excerpt":{"rendered":"<p><strong>cool-idc-se226xt-wh1<\/strong><\/p>\n","protected":false},"featured_media":4239,"comment_status":"open","ping_status":"closed","template":"","meta":{"_uag_custom_page_level_css":"","site-sidebar-layout":"default","site-content-layout":"default","ast-site-content-layout":"","site-content-style":"","site-sidebar-style":"","ast-global-header-display":"","ast-banner-title-visibility":"","ast-main-header-display":"","ast-hfb-above-header-display":"","ast-hfb-below-header-display":"","ast-hfb-mobile-header-display":"","site-post-title":"","ast-breadcrumbs-content":"","ast-featured-img":"","footer-sml-layout":"","ast-disable-related-posts":"","theme-transparent-header-meta":"default","adv-header-id-meta":"","stick-header-meta":"","header-above-stick-meta":"","header-main-stick-meta":"","header-below-stick-meta":"","astra-migrate-meta-layouts":"","ast-page-background-enabled":"default","ast-page-background-meta":{"desktop":{"background-color":"var(--ast-global-color-4)","background-image":"","background-repeat":"repeat","background-position":"center center","background-size":"auto","background-attachment":"scroll","background-type":"","background-media":"","overlay-type":"","overlay-color":"","overlay-opacity":"","overlay-gradient":""},"tablet":{"background-color":"","background-image":"","background-repeat":"repeat","background-position":"center center","background-size":"auto","background-attachment":"scroll","background-type":"","background-media":"","overlay-type":"","overlay-color":"","overlay-opacity":"","overlay-gradient":""},"mobile":{"background-color":"","background-image":"","background-repeat":"repeat","background-position":"center center","background-size":"auto","background-attachment":"scroll","background-type":"","background-media":"","overlay-type":"","overlay-color":"","overlay-opacity":"","overlay-gradient":""}},"ast-content-background-meta":{"desktop":{"background-color":"var(--ast-global-color-5)","background-image":"","background-repeat":"repeat","background-position":"center center","background-size":"auto","background-attachment":"scroll","background-type":"","background-media":"","overlay-type":"","overlay-color":"","overlay-opacity":"","overlay-gradient":""},"tablet":{"background-color":"var(--ast-global-color-5)","background-image":"","background-repeat":"repeat","background-position":"center center","background-size":"auto","background-attachment":"scroll","background-type":"","background-media":"","overlay-type":"","overlay-color":"","overlay-opacity":"","overlay-gradient":""},"mobile":{"background-color":"var(--ast-global-color-5)","background-image":"","background-repeat":"repeat","background-position":"center center","background-size":"auto","background-attachment":"scroll","background-type":"","background-media":"","overlay-type":"","overlay-color":"","overlay-opacity":"","overlay-gradient":""}},"_themeisle_gutenberg_block_has_review":false,"jetpack_publicize_message":"","jetpack_publicize_feature_enabled":true,"jetpack_social_post_already_shared":false,"jetpack_social_options":{"image_generator_settings":{"template":"highway","default_image_id":0,"font":"","enabled":false},"version":2}},"pwb-brand":[],"product_brand":[],"product_cat":[81],"product_tag":[],"class_list":{"0":"post-4050","1":"product","2":"type-product","3":"status-publish","4":"has-post-thumbnail","6":"product_cat-cpu-cooler","7":"desktop-align-center","8":"tablet-align-left","9":"mobile-align-left","11":"first","12":"instock","13":"shipping-taxable","14":"purchasable","15":"product-type-simple"},"jetpack_publicize_connections":[],"uagb_featured_image_src":{"full":["https:\/\/dwinstore.com\/wp-content\/uploads\/2023\/03\/IDCooling-SE-226-XT-ARGB-SNOW-EDITION-BLACK-CPU-Cooler-2.jpg",1200,960,false],"thumbnail":["https:\/\/dwinstore.com\/wp-content\/uploads\/2023\/03\/IDCooling-SE-226-XT-ARGB-SNOW-EDITION-BLACK-CPU-Cooler-2-150x150.jpg",150,150,true],"medium":["https:\/\/dwinstore.com\/wp-content\/uploads\/2023\/03\/IDCooling-SE-226-XT-ARGB-SNOW-EDITION-BLACK-CPU-Cooler-2-300x240.jpg",300,240,true],"medium_large":["https:\/\/dwinstore.com\/wp-content\/uploads\/2023\/03\/IDCooling-SE-226-XT-ARGB-SNOW-EDITION-BLACK-CPU-Cooler-2-768x614.jpg",768,614,true],"large":["https:\/\/dwinstore.com\/wp-content\/uploads\/2023\/03\/IDCooling-SE-226-XT-ARGB-SNOW-EDITION-BLACK-CPU-Cooler-2-1024x819.jpg",1024,819,true],"1536x1536":["https:\/\/dwinstore.com\/wp-content\/uploads\/2023\/03\/IDCooling-SE-226-XT-ARGB-SNOW-EDITION-BLACK-CPU-Cooler-2.jpg",1200,960,false],"2048x2048":["https:\/\/dwinstore.com\/wp-content\/uploads\/2023\/03\/IDCooling-SE-226-XT-ARGB-SNOW-EDITION-BLACK-CPU-Cooler-2.jpg",1200,960,false],"woocommerce_thumbnail":["https:\/\/dwinstore.com\/wp-content\/uploads\/2023\/03\/IDCooling-SE-226-XT-ARGB-SNOW-EDITION-BLACK-CPU-Cooler-2-300x240.jpg",300,240,true],"woocommerce_single":["https:\/\/dwinstore.com\/wp-content\/uploads\/2023\/03\/IDCooling-SE-226-XT-ARGB-SNOW-EDITION-BLACK-CPU-Cooler-2-600x480.jpg",600,480,true],"woocommerce_gallery_thumbnail":["https:\/\/dwinstore.com\/wp-content\/uploads\/2023\/03\/IDCooling-SE-226-XT-ARGB-SNOW-EDITION-BLACK-CPU-Cooler-2-100x100.jpg",100,100,true]},"uagb_author_info":{"display_name":"aldwinarriola@gmail.com","author_link":"https:\/\/dwinstore.com\/?author=0"},"uagb_comment_info":0,"uagb_excerpt":"cool-idc-se226xt-wh1","jetpack_sharing_enabled":true,"brands":[],"_links":{"self":[{"href":"https:\/\/dwinstore.com\/index.php?rest_route=\/wp\/v2\/product\/4050","targetHints":{"allow":["GET"]}}],"collection":[{"href":"https:\/\/dwinstore.com\/index.php?rest_route=\/wp\/v2\/product"}],"about":[{"href":"https:\/\/dwinstore.com\/index.php?rest_route=\/wp\/v2\/types\/product"}],"replies":[{"embeddable":true,"href":"https:\/\/dwinstore.com\/index.php?rest_route=%2Fwp%2Fv2%2Fcomments&post=4050"}],"version-history":[{"count":1,"href":"https:\/\/dwinstore.com\/index.php?rest_route=\/wp\/v2\/product\/4050\/revisions"}],"predecessor-version":[{"id":4238,"href":"https:\/\/dwinstore.com\/index.php?rest_route=\/wp\/v2\/product\/4050\/revisions\/4238"}],"wp:featuredmedia":[{"embeddable":true,"href":"https:\/\/dwinstore.com\/index.php?rest_route=\/wp\/v2\/media\/4239"}],"wp:attachment":[{"href":"https:\/\/dwinstore.com\/index.php?rest_route=%2Fwp%2Fv2%2Fmedia&parent=4050"}],"wp:term":[{"taxonomy":"pwb-brand","embeddable":true,"href":"https:\/\/dwinstore.com\/index.php?rest_route=%2Fwp%2Fv2%2Fpwb-brand&post=4050"},{"taxonomy":"product_brand","embeddable":true,"href":"https:\/\/dwinstore.com\/index.php?rest_route=%2Fwp%2Fv2%2Fproduct_brand&post=4050"},{"taxonomy":"product_cat","embeddable":true,"href":"https:\/\/dwinstore.com\/index.php?rest_route=%2Fwp%2Fv2%2Fproduct_cat&post=4050"},{"taxonomy":"product_tag","embeddable":true,"href":"https:\/\/dwinstore.com\/index.php?rest_route=%2Fwp%2Fv2%2Fproduct_tag&post=4050"}],"curies":[{"name":"wp","href":"https:\/\/api.w.org\/{rel}","templated":true}]}}